{"id":3114,"date":"2020-08-03T00:34:10","date_gmt":"2020-08-03T03:34:10","guid":{"rendered":"https:\/\/www.lacasamagica.cl\/ventas\/producto\/ki-rin\/"},"modified":"2025-04-11T12:17:40","modified_gmt":"2025-04-11T15:17:40","slug":"ki-rin","status":"publish","type":"product","link":"https:\/\/www.lacasamagica.cl\/ventas\/producto\/ki-rin\/","title":{"rendered":"Ki Rin"},"content":{"rendered":"<p>El ki Rin Atrae buena fortuna, fama y \u00e9xito. Es un animal que tiene cuerpo de caballo y cabeza de drag\u00f3n que simboliza la fuerza de drag\u00f3n susceptible de ser domada como un caballo en su lomo hay escamas de carpa que son s\u00edmbolo de prosperidad. El Ki Rin se usa en pareja, el macho sostiene una esfera en su pata que simboliza protecci\u00f3n sobre las relaciones con el mundo y la hembra una cr\u00eda que simbolizan protecci\u00f3n sobre la casa.<\/p>\n","protected":false},"excerpt":{"rendered":"<p>Ki Rin<\/p>\n","protected":false},"featured_media":3467,"comment_status":"closed","ping_status":"closed","template":"","meta":{"_acf_changed":false,"_monsterinsights_skip_tracking":false,"_monsterinsights_sitenote_active":false,"_monsterinsights_sitenote_note":"","_monsterinsights_sitenote_category":0},"pwb-brand":[],"product_brand":[],"product_cat":[159,185],"product_tag":[397,400,298,329],"class_list":{"0":"post-3114","1":"product","2":"type-product","3":"status-publish","4":"has-post-thumbnail","6":"product_cat-feng-shui","7":"product_cat-otros-feng-shui","8":"product_tag-animales-celestiales","9":"product_tag-curas-de-fengshui","10":"product_tag-fengshui","11":"product_tag-riqueza","13":"first","14":"instock","15":"purchasable","16":"product-type-simple"},"acf":[],"brands":[],"_links":{"self":[{"href":"https:\/\/www.lacasamagica.cl\/ventas\/wp-json\/wp\/v2\/product\/3114","targetHints":{"allow":["GET"]}}],"collection":[{"href":"https:\/\/www.lacasamagica.cl\/ventas\/wp-json\/wp\/v2\/product"}],"about":[{"href":"https:\/\/www.lacasamagica.cl\/ventas\/wp-json\/wp\/v2\/types\/product"}],"replies":[{"embeddable":true,"href":"https:\/\/www.lacasamagica.cl\/ventas\/wp-json\/wp\/v2\/comments?post=3114"}],"wp:featuredmedia":[{"embeddable":true,"href":"https:\/\/www.lacasamagica.cl\/ventas\/wp-json\/wp\/v2\/media\/3467"}],"wp:attachment":[{"href":"https:\/\/www.lacasamagica.cl\/ventas\/wp-json\/wp\/v2\/media?parent=3114"}],"wp:term":[{"taxonomy":"pwb-brand","embeddable":true,"href":"https:\/\/www.lacasamagica.cl\/ventas\/wp-json\/wp\/v2\/pwb-brand?post=3114"},{"taxonomy":"product_brand","embeddable":true,"href":"https:\/\/www.lacasamagica.cl\/ventas\/wp-json\/wp\/v2\/product_brand?post=3114"},{"taxonomy":"product_cat","embeddable":true,"href":"https:\/\/www.lacasamagica.cl\/ventas\/wp-json\/wp\/v2\/product_cat?post=3114"},{"taxonomy":"product_tag","embeddable":true,"href":"https:\/\/www.lacasamagica.cl\/ventas\/wp-json\/wp\/v2\/product_tag?post=3114"}],"curies":[{"name":"wp","href":"https:\/\/api.w.org\/{rel}","templated":true}]}}