{"id":3998,"date":"2020-10-04T15:16:08","date_gmt":"2020-10-04T18:16:08","guid":{"rendered":"https:\/\/www.lacasamagica.cl\/ventas\/producto\/elefante-blanco-hueso\/"},"modified":"2022-11-19T12:28:09","modified_gmt":"2022-11-19T15:28:09","slug":"elefante-blanco-hueso","status":"publish","type":"product","link":"https:\/\/www.lacasamagica.cl\/ventas\/producto\/elefante-blanco-hueso\/","title":{"rendered":"Elefante Blanco Hueso"},"content":{"rendered":"<p>Los elefantes representan la prosperidad, brindan suerte, buena gobernaci\u00f3n para ejecutivos y protecci\u00f3n para sus due\u00f1os. Tambi\u00e9n son conocidos por llevarse los problemas lejos y por ser un s\u00edmbolo protector que auspicia buena suerte y excelente fortuna<\/p>\n<p>Una figura de elefantes macho y hembra con un bebe atrae suerte a las parejas que desean tener hijos.<\/p>\n","protected":false},"excerpt":{"rendered":"<p>Elefante con montura blanca con dorada<\/p>\n","protected":false},"featured_media":3794,"comment_status":"open","ping_status":"closed","template":"","meta":{"_acf_changed":false,"_monsterinsights_skip_tracking":false,"_monsterinsights_sitenote_active":false,"_monsterinsights_sitenote_note":"","_monsterinsights_sitenote_category":0},"pwb-brand":[],"product_brand":[],"product_cat":[107,181],"product_tag":[],"class_list":{"0":"post-3998","1":"product","2":"type-product","3":"status-publish","4":"has-post-thumbnail","6":"product_cat-animales","7":"product_cat-elefantes","9":"first","10":"outofstock","11":"purchasable","12":"product-type-simple"},"acf":[],"brands":[],"_links":{"self":[{"href":"https:\/\/www.lacasamagica.cl\/ventas\/wp-json\/wp\/v2\/product\/3998","targetHints":{"allow":["GET"]}}],"collection":[{"href":"https:\/\/www.lacasamagica.cl\/ventas\/wp-json\/wp\/v2\/product"}],"about":[{"href":"https:\/\/www.lacasamagica.cl\/ventas\/wp-json\/wp\/v2\/types\/product"}],"replies":[{"embeddable":true,"href":"https:\/\/www.lacasamagica.cl\/ventas\/wp-json\/wp\/v2\/comments?post=3998"}],"wp:featuredmedia":[{"embeddable":true,"href":"https:\/\/www.lacasamagica.cl\/ventas\/wp-json\/wp\/v2\/media\/3794"}],"wp:attachment":[{"href":"https:\/\/www.lacasamagica.cl\/ventas\/wp-json\/wp\/v2\/media?parent=3998"}],"wp:term":[{"taxonomy":"pwb-brand","embeddable":true,"href":"https:\/\/www.lacasamagica.cl\/ventas\/wp-json\/wp\/v2\/pwb-brand?post=3998"},{"taxonomy":"product_brand","embeddable":true,"href":"https:\/\/www.lacasamagica.cl\/ventas\/wp-json\/wp\/v2\/product_brand?post=3998"},{"taxonomy":"product_cat","embeddable":true,"href":"https:\/\/www.lacasamagica.cl\/ventas\/wp-json\/wp\/v2\/product_cat?post=3998"},{"taxonomy":"product_tag","embeddable":true,"href":"https:\/\/www.lacasamagica.cl\/ventas\/wp-json\/wp\/v2\/product_tag?post=3998"}],"curies":[{"name":"wp","href":"https:\/\/api.w.org\/{rel}","templated":true}]}}