{"id":5383,"date":"2021-05-21T18:34:51","date_gmt":"2021-05-21T21:34:51","guid":{"rendered":"https:\/\/www.lacasamagica.cl\/ventas\/?post_type=product&#038;p=5383"},"modified":"2025-09-10T12:00:50","modified_gmt":"2025-09-10T15:00:50","slug":"espejo-bagua-plano-pequeno","status":"publish","type":"product","link":"https:\/\/www.lacasamagica.cl\/ventas\/producto\/espejo-bagua-plano-pequeno\/","title":{"rendered":"Espejo Bagua Plano Peque\u00f1o"},"content":{"rendered":"<p>El Espejo Bagua o Pa kua son de forma octogonal y sus espejos son planos, c\u00f3ncavos y convexos. En el feng shui es una poderosa cura para proteger y filtrar las energ\u00edas negativas (flechas envenenadas) en la casa o negocio y armonizar los mismos.<\/p>\n<p><strong>El Bagua Plano<\/strong>: Este espejo es considerado neutro, ya que desv\u00eda la energ\u00eda negativa sin reflejarla ni absorberla.<\/p>\n<p><strong>El Bagua Convexo<\/strong>: este espejo devuelve la energ\u00eda negativa a su fuente de origen.<\/p>\n<p><strong>El Bagua C\u00f3ncavo<\/strong>: Este espejo absorbe y neutraliza la energ\u00eda negativa del lugar sin reflejarla o devolverla.<\/p>\n","protected":false},"excerpt":{"rendered":"<p>Espejo Bagua o Pa kua de Fengshui<\/p>\n","protected":false},"featured_media":2577,"comment_status":"open","ping_status":"closed","template":"","meta":{"_acf_changed":false,"_monsterinsights_skip_tracking":false,"_monsterinsights_sitenote_active":false,"_monsterinsights_sitenote_note":"","_monsterinsights_sitenote_category":0},"pwb-brand":[],"product_brand":[],"product_cat":[186,159],"product_tag":[],"class_list":{"0":"post-5383","1":"product","2":"type-product","3":"status-publish","4":"has-post-thumbnail","6":"product_cat-bagua","7":"product_cat-feng-shui","9":"first","10":"instock","11":"purchasable","12":"product-type-simple"},"acf":[],"brands":[],"_links":{"self":[{"href":"https:\/\/www.lacasamagica.cl\/ventas\/wp-json\/wp\/v2\/product\/5383","targetHints":{"allow":["GET"]}}],"collection":[{"href":"https:\/\/www.lacasamagica.cl\/ventas\/wp-json\/wp\/v2\/product"}],"about":[{"href":"https:\/\/www.lacasamagica.cl\/ventas\/wp-json\/wp\/v2\/types\/product"}],"replies":[{"embeddable":true,"href":"https:\/\/www.lacasamagica.cl\/ventas\/wp-json\/wp\/v2\/comments?post=5383"}],"wp:featuredmedia":[{"embeddable":true,"href":"https:\/\/www.lacasamagica.cl\/ventas\/wp-json\/wp\/v2\/media\/2577"}],"wp:attachment":[{"href":"https:\/\/www.lacasamagica.cl\/ventas\/wp-json\/wp\/v2\/media?parent=5383"}],"wp:term":[{"taxonomy":"pwb-brand","embeddable":true,"href":"https:\/\/www.lacasamagica.cl\/ventas\/wp-json\/wp\/v2\/pwb-brand?post=5383"},{"taxonomy":"product_brand","embeddable":true,"href":"https:\/\/www.lacasamagica.cl\/ventas\/wp-json\/wp\/v2\/product_brand?post=5383"},{"taxonomy":"product_cat","embeddable":true,"href":"https:\/\/www.lacasamagica.cl\/ventas\/wp-json\/wp\/v2\/product_cat?post=5383"},{"taxonomy":"product_tag","embeddable":true,"href":"https:\/\/www.lacasamagica.cl\/ventas\/wp-json\/wp\/v2\/product_tag?post=5383"}],"curies":[{"name":"wp","href":"https:\/\/api.w.org\/{rel}","templated":true}]}}