{"id":5883,"date":"2021-11-09T21:56:52","date_gmt":"2021-11-10T00:56:52","guid":{"rendered":"https:\/\/www.lacasamagica.cl\/ventas\/producto\/buho-blanco\/"},"modified":"2026-02-12T16:39:54","modified_gmt":"2026-02-12T19:39:54","slug":"buho-blanco","status":"publish","type":"product","link":"https:\/\/www.lacasamagica.cl\/ventas\/producto\/buho-blanco\/","title":{"rendered":"Buho Blanco"},"content":{"rendered":"<p>El b\u00faho es un estupendo amuleto que representa la sabidur\u00eda y se identifica con la inteligencia iluminadora. Nos protege del mal de ojo y de las energ\u00edas negativas, cortando la envidia y ayud\u00e1ndonos a resolver temas de \u00edndole econ\u00f3mico.<\/p>\n<p>Es excelente tener una imagen de este animal si se est\u00e1 trabajando en las comunicaciones o en el comercio.<\/p>\n","protected":false},"excerpt":{"rendered":"<p>Buho blanco<\/p>\n","protected":false},"featured_media":5853,"comment_status":"open","ping_status":"closed","template":"","meta":{"_acf_changed":false,"_monsterinsights_skip_tracking":false,"_monsterinsights_sitenote_active":false,"_monsterinsights_sitenote_note":"","_monsterinsights_sitenote_category":0},"pwb-brand":[],"product_brand":[],"product_cat":[107,111],"product_tag":[490,109,112,492,491],"class_list":{"0":"post-5883","1":"product","2":"type-product","3":"status-publish","4":"has-post-thumbnail","6":"product_cat-animales","7":"product_cat-buhos","8":"product_tag-aves","9":"product_tag-buho","10":"product_tag-buhos","11":"product_tag-lechusa","12":"product_tag-lechuza","14":"first","15":"instock","16":"purchasable","17":"product-type-simple"},"acf":[],"brands":[],"_links":{"self":[{"href":"https:\/\/www.lacasamagica.cl\/ventas\/wp-json\/wp\/v2\/product\/5883","targetHints":{"allow":["GET"]}}],"collection":[{"href":"https:\/\/www.lacasamagica.cl\/ventas\/wp-json\/wp\/v2\/product"}],"about":[{"href":"https:\/\/www.lacasamagica.cl\/ventas\/wp-json\/wp\/v2\/types\/product"}],"replies":[{"embeddable":true,"href":"https:\/\/www.lacasamagica.cl\/ventas\/wp-json\/wp\/v2\/comments?post=5883"}],"wp:featuredmedia":[{"embeddable":true,"href":"https:\/\/www.lacasamagica.cl\/ventas\/wp-json\/wp\/v2\/media\/5853"}],"wp:attachment":[{"href":"https:\/\/www.lacasamagica.cl\/ventas\/wp-json\/wp\/v2\/media?parent=5883"}],"wp:term":[{"taxonomy":"pwb-brand","embeddable":true,"href":"https:\/\/www.lacasamagica.cl\/ventas\/wp-json\/wp\/v2\/pwb-brand?post=5883"},{"taxonomy":"product_brand","embeddable":true,"href":"https:\/\/www.lacasamagica.cl\/ventas\/wp-json\/wp\/v2\/product_brand?post=5883"},{"taxonomy":"product_cat","embeddable":true,"href":"https:\/\/www.lacasamagica.cl\/ventas\/wp-json\/wp\/v2\/product_cat?post=5883"},{"taxonomy":"product_tag","embeddable":true,"href":"https:\/\/www.lacasamagica.cl\/ventas\/wp-json\/wp\/v2\/product_tag?post=5883"}],"curies":[{"name":"wp","href":"https:\/\/api.w.org\/{rel}","templated":true}]}}