{"id":6430,"date":"2022-02-20T19:25:53","date_gmt":"2022-02-20T22:25:53","guid":{"rendered":"https:\/\/www.lacasamagica.cl\/ventas\/producto\/cuadro-mandala-2\/"},"modified":"2023-08-05T16:46:08","modified_gmt":"2023-08-05T19:46:08","slug":"cuadro-mandala-2","status":"publish","type":"product","link":"https:\/\/www.lacasamagica.cl\/ventas\/producto\/cuadro-mandala-2\/","title":{"rendered":"cuadro Mandala"},"content":{"rendered":"<p>Los M\u00e1ndalas son c\u00edrculos encantados o m\u00e1gicos. Son \u00fatiles para la concentraci\u00f3n, atenci\u00f3n y activaci\u00f3n de la energ\u00eda positiva. Al observarlos, pintarlos o meditar con ellos podemos entrar en el camino de la sabidur\u00eda que nos lleva de regreso a quienes somos realmente. Colocar en la casa mejora la captaci\u00f3n de energ\u00eda y armonizando los ambientes.<\/p>\n","protected":false},"excerpt":{"rendered":"<p>cuadro de madera con mandala<\/p>\n","protected":false},"featured_media":0,"comment_status":"open","ping_status":"closed","template":"","meta":{"_acf_changed":false,"_monsterinsights_skip_tracking":false,"_monsterinsights_sitenote_active":false,"_monsterinsights_sitenote_note":"","_monsterinsights_sitenote_category":0},"pwb-brand":[],"product_brand":[],"product_cat":[130],"product_tag":[],"class_list":{"0":"post-6430","1":"product","2":"type-product","3":"status-publish","5":"product_cat-decoracion-y-regalos","7":"first","8":"outofstock","9":"purchasable","10":"product-type-simple"},"acf":[],"brands":[],"_links":{"self":[{"href":"https:\/\/www.lacasamagica.cl\/ventas\/wp-json\/wp\/v2\/product\/6430","targetHints":{"allow":["GET"]}}],"collection":[{"href":"https:\/\/www.lacasamagica.cl\/ventas\/wp-json\/wp\/v2\/product"}],"about":[{"href":"https:\/\/www.lacasamagica.cl\/ventas\/wp-json\/wp\/v2\/types\/product"}],"replies":[{"embeddable":true,"href":"https:\/\/www.lacasamagica.cl\/ventas\/wp-json\/wp\/v2\/comments?post=6430"}],"wp:attachment":[{"href":"https:\/\/www.lacasamagica.cl\/ventas\/wp-json\/wp\/v2\/media?parent=6430"}],"wp:term":[{"taxonomy":"pwb-brand","embeddable":true,"href":"https:\/\/www.lacasamagica.cl\/ventas\/wp-json\/wp\/v2\/pwb-brand?post=6430"},{"taxonomy":"product_brand","embeddable":true,"href":"https:\/\/www.lacasamagica.cl\/ventas\/wp-json\/wp\/v2\/product_brand?post=6430"},{"taxonomy":"product_cat","embeddable":true,"href":"https:\/\/www.lacasamagica.cl\/ventas\/wp-json\/wp\/v2\/product_cat?post=6430"},{"taxonomy":"product_tag","embeddable":true,"href":"https:\/\/www.lacasamagica.cl\/ventas\/wp-json\/wp\/v2\/product_tag?post=6430"}],"curies":[{"name":"wp","href":"https:\/\/api.w.org\/{rel}","templated":true}]}}