{"id":6620,"date":"2022-05-29T23:27:24","date_gmt":"2022-05-30T02:27:24","guid":{"rendered":"https:\/\/www.lacasamagica.cl\/ventas\/producto\/arcangel-miguel-40-cms\/"},"modified":"2024-06-17T16:21:14","modified_gmt":"2024-06-17T19:21:14","slug":"arcangel-miguel-40-cms","status":"publish","type":"product","link":"https:\/\/www.lacasamagica.cl\/ventas\/producto\/arcangel-miguel-40-cms\/","title":{"rendered":"Arcangel Miguel 40 cm"},"content":{"rendered":"<p>El arc\u00e1ngel Miguel es el m\u00e1s poderoso de todos los arc\u00e1ngeles, el l\u00edder de los ej\u00e9rcitos de los \u00e1ngeles. Combate el mal y expulsa la maldad de todo tipo, rompe trabas y abre caminos.  Color de vela: azul   D\u00eda: domingo<\/p>\n","protected":false},"excerpt":{"rendered":"<p>El arc\u00e1ngel Miguel es el m\u00e1s poderoso de todos los arc\u00e1ngeles, el l\u00edder de los ej\u00e9rcitos de los \u00e1ngeles. Combate el mal y expulsa la maldad de todo tipo, rompe trabas y abre caminos. Color de vela: azul D\u00eda: domingo<\/p>\n","protected":false},"featured_media":0,"comment_status":"open","ping_status":"closed","template":"","meta":{"_acf_changed":false,"_monsterinsights_skip_tracking":false,"_monsterinsights_sitenote_active":false,"_monsterinsights_sitenote_note":"","_monsterinsights_sitenote_category":0},"pwb-brand":[],"product_brand":[],"product_cat":[139],"product_tag":[351,410,412,411,409,413],"class_list":{"0":"post-6620","1":"product","2":"type-product","3":"status-publish","5":"product_cat-religioso","6":"product_tag-angel","7":"product_tag-angel-de-la-guarda","8":"product_tag-arcangel-proteccion","9":"product_tag-querubin","10":"product_tag-ser-magico","11":"product_tag-serafin","13":"first","14":"outofstock","15":"purchasable","16":"product-type-simple"},"acf":[],"brands":[],"_links":{"self":[{"href":"https:\/\/www.lacasamagica.cl\/ventas\/wp-json\/wp\/v2\/product\/6620","targetHints":{"allow":["GET"]}}],"collection":[{"href":"https:\/\/www.lacasamagica.cl\/ventas\/wp-json\/wp\/v2\/product"}],"about":[{"href":"https:\/\/www.lacasamagica.cl\/ventas\/wp-json\/wp\/v2\/types\/product"}],"replies":[{"embeddable":true,"href":"https:\/\/www.lacasamagica.cl\/ventas\/wp-json\/wp\/v2\/comments?post=6620"}],"wp:attachment":[{"href":"https:\/\/www.lacasamagica.cl\/ventas\/wp-json\/wp\/v2\/media?parent=6620"}],"wp:term":[{"taxonomy":"pwb-brand","embeddable":true,"href":"https:\/\/www.lacasamagica.cl\/ventas\/wp-json\/wp\/v2\/pwb-brand?post=6620"},{"taxonomy":"product_brand","embeddable":true,"href":"https:\/\/www.lacasamagica.cl\/ventas\/wp-json\/wp\/v2\/product_brand?post=6620"},{"taxonomy":"product_cat","embeddable":true,"href":"https:\/\/www.lacasamagica.cl\/ventas\/wp-json\/wp\/v2\/product_cat?post=6620"},{"taxonomy":"product_tag","embeddable":true,"href":"https:\/\/www.lacasamagica.cl\/ventas\/wp-json\/wp\/v2\/product_tag?post=6620"}],"curies":[{"name":"wp","href":"https:\/\/api.w.org\/{rel}","templated":true}]}}