{"id":6666,"date":"2022-05-29T23:27:29","date_gmt":"2022-05-30T02:27:29","guid":{"rendered":"https:\/\/www.lacasamagica.cl\/ventas\/producto\/medalla-san-benito-3\/"},"modified":"2025-06-05T14:35:23","modified_gmt":"2025-06-05T17:35:23","slug":"medalla-san-benito-3","status":"publish","type":"product","link":"https:\/\/www.lacasamagica.cl\/ventas\/producto\/medalla-san-benito-3\/","title":{"rendered":"Medalla San Benito"},"content":{"rendered":"<p>Poderoso Talism\u00e1n contra hechizos. Potente escudo de protecci\u00f3n contra brujer\u00eda, magia negra y maldad. Perfecta defensa contra todo tipo de energ\u00edas hostiles. Rechaza y expulsa esp\u00edritus inmundos. <\/p>\n<p> Poderoso Talism\u00e1n contra hechizos. Potente escudo de protecci\u00f3n contra brujer\u00eda, magia negra y maldad. Perfecta defensa contra todo tipo de energ\u00edas hostiles. Rechaza y expulsa esp\u00edritus inmundos.<\/p>\n","protected":false},"excerpt":{"rendered":"<p>Medalla de San Benito de acero quirurjico<\/p>\n","protected":false},"featured_media":6501,"comment_status":"open","ping_status":"closed","template":"","meta":{"_acf_changed":false,"_monsterinsights_skip_tracking":false,"_monsterinsights_sitenote_active":false,"_monsterinsights_sitenote_note":"","_monsterinsights_sitenote_category":0},"pwb-brand":[],"product_brand":[],"product_cat":[149,148],"product_tag":[],"class_list":{"0":"post-6666","1":"product","2":"type-product","3":"status-publish","4":"has-post-thumbnail","6":"product_cat-amuletos-y-talismanes","7":"product_cat-productos-esotericos","9":"first","10":"instock","11":"purchasable","12":"product-type-simple"},"acf":[],"brands":[],"_links":{"self":[{"href":"https:\/\/www.lacasamagica.cl\/ventas\/wp-json\/wp\/v2\/product\/6666","targetHints":{"allow":["GET"]}}],"collection":[{"href":"https:\/\/www.lacasamagica.cl\/ventas\/wp-json\/wp\/v2\/product"}],"about":[{"href":"https:\/\/www.lacasamagica.cl\/ventas\/wp-json\/wp\/v2\/types\/product"}],"replies":[{"embeddable":true,"href":"https:\/\/www.lacasamagica.cl\/ventas\/wp-json\/wp\/v2\/comments?post=6666"}],"wp:featuredmedia":[{"embeddable":true,"href":"https:\/\/www.lacasamagica.cl\/ventas\/wp-json\/wp\/v2\/media\/6501"}],"wp:attachment":[{"href":"https:\/\/www.lacasamagica.cl\/ventas\/wp-json\/wp\/v2\/media?parent=6666"}],"wp:term":[{"taxonomy":"pwb-brand","embeddable":true,"href":"https:\/\/www.lacasamagica.cl\/ventas\/wp-json\/wp\/v2\/pwb-brand?post=6666"},{"taxonomy":"product_brand","embeddable":true,"href":"https:\/\/www.lacasamagica.cl\/ventas\/wp-json\/wp\/v2\/product_brand?post=6666"},{"taxonomy":"product_cat","embeddable":true,"href":"https:\/\/www.lacasamagica.cl\/ventas\/wp-json\/wp\/v2\/product_cat?post=6666"},{"taxonomy":"product_tag","embeddable":true,"href":"https:\/\/www.lacasamagica.cl\/ventas\/wp-json\/wp\/v2\/product_tag?post=6666"}],"curies":[{"name":"wp","href":"https:\/\/api.w.org\/{rel}","templated":true}]}}