{"id":7372,"date":"2024-06-14T14:16:20","date_gmt":"2024-06-14T17:16:20","guid":{"rendered":"https:\/\/www.lacasamagica.cl\/ventas\/producto\/kuan-yin-dorada\/"},"modified":"2024-06-17T17:40:42","modified_gmt":"2024-06-17T20:40:42","slug":"kuan-yin-dorada","status":"publish","type":"product","link":"https:\/\/www.lacasamagica.cl\/ventas\/producto\/kuan-yin-dorada\/","title":{"rendered":"Kuan Yin Dorada"},"content":{"rendered":"<p>La Kuan Yin representa a al buda femenina Diosa de la piedad y la compasi\u00f3n que todo lo bendice. Eterna protectora de la mujer y los ni\u00f1os. Se dice que colocarla en una habitaci\u00f3n contribuye a calmar el entorno y neutralizar influencias negativas como enfermedades desilusiones y discusiones\u00a0<\/p>\n","protected":false},"excerpt":{"rendered":"<p>La Kuan Yin representa a al buda femenina Diosa de la piedad y la compasi\u00f3n que todo lo bendice. Eterna protectora de la mujer y los ni\u00f1os. Se dice que colocarla en una habitaci\u00f3n contribuye a calmar el entorno y neutralizar influencias negativas como enfermedades desilusiones y discusiones\u00a0<\/p>\n","protected":false},"featured_media":0,"comment_status":"closed","ping_status":"closed","template":"","meta":{"_acf_changed":false,"_monsterinsights_skip_tracking":false,"_monsterinsights_sitenote_active":false,"_monsterinsights_sitenote_note":"","_monsterinsights_sitenote_category":0},"pwb-brand":[],"product_brand":[],"product_cat":[56,182],"product_tag":[],"class_list":{"0":"post-7372","1":"product","2":"type-product","3":"status-publish","5":"product_cat-budismo","6":"product_cat-kuan-yin","8":"first","9":"outofstock","10":"purchasable","11":"product-type-simple"},"acf":[],"brands":[],"_links":{"self":[{"href":"https:\/\/www.lacasamagica.cl\/ventas\/wp-json\/wp\/v2\/product\/7372","targetHints":{"allow":["GET"]}}],"collection":[{"href":"https:\/\/www.lacasamagica.cl\/ventas\/wp-json\/wp\/v2\/product"}],"about":[{"href":"https:\/\/www.lacasamagica.cl\/ventas\/wp-json\/wp\/v2\/types\/product"}],"replies":[{"embeddable":true,"href":"https:\/\/www.lacasamagica.cl\/ventas\/wp-json\/wp\/v2\/comments?post=7372"}],"wp:attachment":[{"href":"https:\/\/www.lacasamagica.cl\/ventas\/wp-json\/wp\/v2\/media?parent=7372"}],"wp:term":[{"taxonomy":"pwb-brand","embeddable":true,"href":"https:\/\/www.lacasamagica.cl\/ventas\/wp-json\/wp\/v2\/pwb-brand?post=7372"},{"taxonomy":"product_brand","embeddable":true,"href":"https:\/\/www.lacasamagica.cl\/ventas\/wp-json\/wp\/v2\/product_brand?post=7372"},{"taxonomy":"product_cat","embeddable":true,"href":"https:\/\/www.lacasamagica.cl\/ventas\/wp-json\/wp\/v2\/product_cat?post=7372"},{"taxonomy":"product_tag","embeddable":true,"href":"https:\/\/www.lacasamagica.cl\/ventas\/wp-json\/wp\/v2\/product_tag?post=7372"}],"curies":[{"name":"wp","href":"https:\/\/api.w.org\/{rel}","templated":true}]}}